{"id":177,"date":"2021-04-22T14:55:00","date_gmt":"2021-04-22T14:55:00","guid":{"rendered":"https:\/\/bbqkarelia.fi\/?page_id=177"},"modified":"2021-04-22T14:55:37","modified_gmt":"2021-04-22T14:55:37","slug":"toimitusehdot","status":"publish","type":"page","link":"https:\/\/bbqkarelia.fi\/?page_id=177","title":{"rendered":"Toimitusehdot"},"content":{"rendered":"\t\t<div data-elementor-type=\"wp-page\" data-elementor-id=\"177\" class=\"elementor elementor-177\">\n\t\t\t\t\t\t<section class=\"elementor-section elementor-top-section elementor-element elementor-element-6298ad7 elementor-section-boxed elementor-section-height-default elementor-section-height-default\" data-id=\"6298ad7\" data-element_type=\"section\">\n\t\t\t\t\t\t<div class=\"elementor-container elementor-column-gap-default\">\n\t\t\t\t\t<div class=\"elementor-column elementor-col-100 elementor-top-column elementor-element elementor-element-50a6aa9\" data-id=\"50a6aa9\" data-element_type=\"column\">\n\t\t\t<div class=\"elementor-widget-wrap elementor-element-populated\">\n\t\t\t\t\t\t<div class=\"elementor-element elementor-element-b41b35d elementor-widget elementor-widget-heading\" data-id=\"b41b35d\" data-element_type=\"widget\" data-widget_type=\"heading.default\">\n\t\t\t\t<div class=\"elementor-widget-container\">\n\t\t\t\t\t<h2 class=\"elementor-heading-title elementor-size-default\">Toimitusehdot<\/h2>\t\t\t\t<\/div>\n\t\t\t\t<\/div>\n\t\t\t\t<div class=\"elementor-element elementor-element-b8590e1 elementor-widget elementor-widget-text-editor\" data-id=\"b8590e1\" data-element_type=\"widget\" data-widget_type=\"text-editor.default\">\n\t\t\t\t<div class=\"elementor-widget-container\">\n\t\t\t\t\t\t\t\t\t<p><strong>Tuotteiden tarkistaminen ja reklamaatio<\/strong><\/p><p>Asiakkaan tulee toimituksen vastaanotettuaan viivytyksett\u00e4 tarkastaa, ett\u00e4 toimitetut tuotteet ovat tilauksen mukaiset ja virheett\u00f6m\u00e4t. Puuttuvat tai vialliset tuotteet hyvitet\u00e4\u00e4n. Mik\u00e4li Asiakas havaitsee virheen, Asiakkaan tulee viivytyksett\u00e4 tilauksen vastaanottamishetken j\u00e4lkeen ilmoittaa puutteesta tai virheest\u00e4 asiakaspalveluun bbqkarelia@gmail.com<\/p><p>Verkkokaupasta myydyt tuotteet ovat tuoreita elintarvikkeita ja virheett\u00f6mill\u00e4 tuotteilla ei ole peruutus-, palautus- tai vaihto-oikeutta (ks. kuluttajansuojalain 6 luvun 16 \u00a7).<\/p><p><strong>Allergiat<\/strong><\/p><p>Ruokaboksi Finland Oy ei vastaa Ruokaboksin sis\u00e4ll\u00f6n sovittamisesta yksil\u00f6llisiin asiakastarpeisiin, kuten allergioihin tai erikoisruokavalioihin.<\/p><p><strong>Ylivoimainen este<\/strong><\/p><p>Karelian Artesaani Oy ei ole vastuussa sellaisesta tuotteen virheellisyydest\u00e4, toimituksen viiv\u00e4stymisest\u00e4 tai muusta sopimusrikkomuksesta, joka johtuu Karelian Artesaani Oy:n tai sen alihankkijoiden tai toimittajien kohtuullisten vaikutusmahdollisuuksien ulkopuolella olevasta seikasta (force majeure).<\/p>\t\t\t\t\t\t\t\t<\/div>\n\t\t\t\t<\/div>\n\t\t\t\t\t<\/div>\n\t\t<\/div>\n\t\t\t\t\t<\/div>\n\t\t<\/section>\n\t\t\t\t<\/div>\n\t\t","protected":false},"excerpt":{"rendered":"<p>Toimitusehdot Tuotteiden tarkistaminen ja reklamaatio Asiakkaan tulee toimituksen vastaanotettuaan viivytyksett\u00e4 tarkastaa, ett\u00e4 toimitetut tuotteet ovat tilauksen mukaiset ja virheett\u00f6m\u00e4t. Puuttuvat tai vialliset tuotteet hyvitet\u00e4\u00e4n. Mik\u00e4li Asiakas havaitsee virheen, Asiakkaan tulee viivytyksett\u00e4 tilauksen vastaanottamishetken j\u00e4lkeen ilmoittaa puutteesta tai virheest\u00e4 asiakaspalveluun bbqkarelia@gmail.com Verkkokaupasta myydyt tuotteet ovat tuoreita elintarvikkeita ja virheett\u00f6mill\u00e4 tuotteilla ei ole peruutus-, palautus- tai vaihto-oikeutta [&hellip;]<\/p>\n","protected":false},"author":2,"featured_media":0,"parent":0,"menu_order":0,"comment_status":"closed","ping_status":"closed","template":"","meta":{"site-sidebar-layout":"no-sidebar","site-content-layout":"page-builder","ast-site-content-layout":"default","site-content-style":"default","site-sidebar-style":"default","ast-global-header-display":"","ast-banner-title-visibility":"","ast-main-header-display":"","ast-hfb-above-header-display":"","ast-hfb-below-header-display":"","ast-hfb-mobile-header-display":"","site-post-title":"disabled","ast-breadcrumbs-content":"","ast-featured-img":"disabled","footer-sml-layout":"","ast-disable-related-posts":"","theme-transparent-header-meta":"default","adv-header-id-meta":"","stick-header-meta":"","header-above-stick-meta":"","header-main-stick-meta":"","header-below-stick-meta":"","astra-migrate-meta-layouts":"default","ast-page-background-enabled":"default","ast-page-background-meta":{"desktop":{"background-color":"","background-image":"","background-repeat":"repeat","background-position":"center center","background-size":"auto","background-attachment":"scroll","background-type":"","background-media":"","overlay-type":"","overlay-color":"","overlay-opacity":"","overlay-gradient":""},"tablet":{"background-color":"","background-image":"","background-repeat":"repeat","background-position":"center center","background-size":"auto","background-attachment":"scroll","background-type":"","background-media":"","overlay-type":"","overlay-color":"","overlay-opacity":"","overlay-gradient":""},"mobile":{"background-color":"","background-image":"","background-repeat":"repeat","background-position":"center center","background-size":"auto","background-attachment":"scroll","background-type":"","background-media":"","overlay-type":"","overlay-color":"","overlay-opacity":"","overlay-gradient":""}},"ast-content-background-meta":{"desktop":{"background-color":"var(--ast-global-color-5)","background-image":"","background-repeat":"repeat","background-position":"center center","background-size":"auto","background-attachment":"scroll","background-type":"","background-media":"","overlay-type":"","overlay-color":"","overlay-opacity":"","overlay-gradient":""},"tablet":{"background-color":"var(--ast-global-color-5)","background-image":"","background-repeat":"repeat","background-position":"center center","background-size":"auto","background-attachment":"scroll","background-type":"","background-media":"","overlay-type":"","overlay-color":"","overlay-opacity":"","overlay-gradient":""},"mobile":{"background-color":"var(--ast-global-color-5)","background-image":"","background-repeat":"repeat","background-position":"center center","background-size":"auto","background-attachment":"scroll","background-type":"","background-media":"","overlay-type":"","overlay-color":"","overlay-opacity":"","overlay-gradient":""}},"footnotes":""},"_links":{"self":[{"href":"https:\/\/bbqkarelia.fi\/index.php?rest_route=\/wp\/v2\/pages\/177"}],"collection":[{"href":"https:\/\/bbqkarelia.fi\/index.php?rest_route=\/wp\/v2\/pages"}],"about":[{"href":"https:\/\/bbqkarelia.fi\/index.php?rest_route=\/wp\/v2\/types\/page"}],"author":[{"embeddable":true,"href":"https:\/\/bbqkarelia.fi\/index.php?rest_route=\/wp\/v2\/users\/2"}],"replies":[{"embeddable":true,"href":"https:\/\/bbqkarelia.fi\/index.php?rest_route=%2Fwp%2Fv2%2Fcomments&post=177"}],"version-history":[{"count":5,"href":"https:\/\/bbqkarelia.fi\/index.php?rest_route=\/wp\/v2\/pages\/177\/revisions"}],"predecessor-version":[{"id":182,"href":"https:\/\/bbqkarelia.fi\/index.php?rest_route=\/wp\/v2\/pages\/177\/revisions\/182"}],"wp:attachment":[{"href":"https:\/\/bbqkarelia.fi\/index.php?rest_route=%2Fwp%2Fv2%2Fmedia&parent=177"}],"curies":[{"name":"wp","href":"https:\/\/api.w.org\/{rel}","templated":true}]}}